15 + -9
-11
What is 0 + 1 - -3 - 3?
1
-3 + 0 + -2 + (2 - -1)
-2
Calculate -20 - -13 - (-14 - -3).
4
What is -1 - -1 - 4 - (-54 - -49)?
1
Evaluate 30 + -21 + -15 + -1 + 3.
-4
What is 6 + (1 - (17 - 4))?
-6
What is the value of 8 + (2 - (10 + -3))?
3
What is ((14 - 7) + -4 - -1) + -1?
3
What is the value of (8 - (1 + -4)) + -14?
-3
Calculate -7 - (-14 + -8 + 4 + 1).
10
Calculate -1 + 15 + -10 + -3.
1
Calculate -3 - ((-4 - -12) + -14).
3
What is the value of 9 + -4 + -1 - 3?
1
What is -2 - (-6 + 10) - -8?
2
What is the value of 1 - -11 - (1 + 5)?
6
Evaluate (5 - 1) + -28 + 29.
5
What is 6 + -12 + 3 - -8?
5
Evaluate -19 + (10 - 2) - -5.
-6
(-7 - -3) + 10 - 2
4
Calculate 4 + (-1 - 4) - 3.
-4
What is the value of -8 + (-8 - (-5 + -21))?
10
What is -9 - -2 - (-1 + -1) - -5?
0
What is (-14 - (-29 - -15)) + 2 + 1?
3
What is the value of -3 + 0 + (-1 - -5)?
1
14 + (-11 - -14 - 14)
3
12 + -4 + -4 + -7
-3
8 + -2 + -9 + 7 + -5
-1
-12 + 2 + -5 + 8
-7
What is the value of (-9 - (9 - 8)) + 8?
-2
(1 - 11) + 15 + 2
7
(0 - -1) + -4 + (3 - 2)
-2
What is (-8 - 9 - -7) + 5?
-5
Calculate 5 - 3 - (-7 + (-2 - -14)).
-3
What is the value of -2 + (3 - (6 - 3))?
-2
What is the value of -3 + 3 + -4 + 7 + -7?
-4
What is 2 + -1 + -4 - -3?
0
What is the value of 23 - 24 - (-4 - -12)?
-9
Calculate (58 - 53) + 7 + (-1 - 0).
11
Calculate -3 - -4 - (9 - (-8 - -16)).
0
What is -4 + 6 + 3 + 4 + -3?
6
0 + 7 - (-5 + 5 + 2)
5
26 + (-4 - 1) + -7 - 7
7
Calculate -7 + -1 + 4 + -4.
-8
Evaluate (6 - -2) + -4 - (2 + -1).
3
What is -34 - -24 - (-4 + -2)?
-4
What is the value of 8 + -24 + 11 - -12?
7
Calculate -3 - ((4 - -1) + -3 + -5).
0
Evaluate -3 + 2 + (2 - 1 - 5).
-5
What is the value of 2 + -4 + 5 + 1 + 3?
7
Evaluate (-4 - 0) + (3 - 4) + 2.
-3
What is the value of 7 - (0 - (3 + -2))?
8
Calculate 9 - (3 + 2) - 3.
1
-1 - (6 - 0) - (1 + -5)
-3
Evaluate 2 - 0 - (12 + -7 + -9).
6
Evaluate -4 - (1 + -4) - (-4 + 1).
2
What is 5 + (1 - 11) + 6?
1
Evaluate -7 - (-1 + 6 + -7).
-5
Calculate 2 - (-4 + 3 - -3).
0
Calculate 0 - (2 - (0 - -3)).
1
What is the value of 2 - 0 - (-4 + (-5 - -17))?
-6
What is the value of 5 - (-3 + (-8 - -6) + 2)?
8
What is the value of 1 + -7 + -11 + 9?
-8
Evaluate 0 + -1 + (2 - (-10 + 6)).
5
Evaluate -5 - -13 - 5 - -3.
6
What is the value of 3 - 2 - -1 - 6?
-4
-16 - (6 - 12) - -4
-6
Evaluate 1 - 2 - 0 - 3.
-4
(-2 + 13 - 8) + -5
-2
Calculate -10 - -13 - ((1 - 0) + 3).
-1
Evaluate 7 + -4 + (3 - 12) + 8.
2
Evaluate -2 + -1 + 3 - (-4 - -1).
3
Calculate -6 - -1 - (15 + (-14 - 4)).
-2
Evaluate 0 - 6 - (-3 - (-3 - -6)).
0
7 + -12 + 12 - 4
3
1 - ((-5 - -4) + 5 + -3)
0
What is the value of 2 - 7 - (-3 + -2) - 0?
0
What is -2 - -2 - (-4 + 3) - -1?
2
What is -11 + 9 + -1 + 2?
-1
Evaluate (-4 - -8) + -7 + 0.
-3
What is (-2 - -3 - 7) + 1?
-5
Calculate -6 - -16 - 18 - -9.
1
What is the value of 2 + 3 + -5 + -4 + 5?
1
What is the value of -4 + 7 + -2 - 3?
-2
Evaluate 3 + (3 - (6 - 3)) + 0.
3
Calculate (-7 - 1) + 13 - 5.
0
What is 1 - (-5 - -5) - 2 - 0?
-1
What is (-3 - -2) + 4 + -6?
-3
What is the value of (4 - 1) + (-5 + 19 - 10)?
7
Calculate (4 - (1 + 9)) + -3 + 6.
-3
What is the value of (6 + -2 - 7) + 5?
2
What is the value of 0 + 3 + 0 - (11 - 3)?
-5
(4 - (-7 + 6)) + (-1 - 2)
2
8 - (8 + 8 + -7)
-1
Calculate 4 + 1 + 2 - 3.
4
Calculate (1 - 2 - -6) + 13 + -24.
-6
Evaluate -1 + 1 + 2 - -2.
4
What is the value of -1 + (-4 - (-10 - -4))?
1
Evaluate 2 + -1 + -2 + 1.
0
Calculate 4 + (5 - ((1 - 4) + 11)).
1
0 + 2 - (-1 - -7)
-4
What is 11 - (6 + -14 + 7 + 7)?
5
Calculate 4 + 3 + -16 - -5.
-4
Evaluate -2 + (-13 - -12) - (1 - -2).
-6
What is -3 + (-4 - 0) + 5?
-2
Evaluate 4 + (-8 - -6) - -5.
7
(-3 - (1 - 0)) + 5
1
Calculate (7 - (-5 + 1)) + -2 - 5.
4
Evaluate 4 - 17 - (0 - 2 - 4).
-7
What is 4 + -6 + 2 + 3?
3
What is the value of 7 - (1 + 5) - -4?
5
Calculate -3 - -6 - (-4 - -3).
4
(2 - 3) + (23 - 26)
-4
Evaluate -4 + -12 + 6 + 5 + 0.
-5
159 + -157 + (5 - 1)
6
What is (-10 - -6) + 1 + 2 + 5?
4
3 - 3 - -2 - 5
-3
What is the value of -3 - (8 - 10 - 0)?
-1
-3 - (-6 + (-4 - -6))
1
What is 3 - (-3 - (-5 - 2))?
-1
What is the value of (13 - 24) + (4 - -10)?
3
What is the value of (1 - 5) + 3 + -5 - -8?
2
What is the value of (0 - (-1 - 0)) + (-2 - -7)?
6
Evaluate -6 + (2 - 8) + 10.
-2
Evaluate 0 - -1 - (-4 + (-2 - -9)).
-2
-2 + (-2 - -2 - -2) - 2
-2
What is 38 + -55 - (0 - 11)?
-6
Calculate (-2 + 0 - -3) + 0 + 3.
4
What is the value of (63 - 64) + (3 - 2)?
0
0 + 0 + (3 - (10 + -11))
4
1 + -1 + (-2 + -5 - -5)
-2
What is (-6 - 1 - -1) + 3 - -9?
6
Calculate -3 + 0 + (7 - 3).
1
Evaluate 6 + -6 - (2 + -4).
2
What is -7 - (0 + 7 - 9)?
-5
What is -1 - (-1 + -1) - 3?
-2
Evaluate -1 + 12 - 8 - 7.
-4
Calculate -1 - (-4 + 8 - 7).
2
Evaluate -3 + (3 - 1) - (1 - 5).
3
What is the value of 0 - (3 - 5 - -3) - -6?
5
Calculate 0 + 3 - (3 + -10 - -12).
-2
Evaluate 12 - (-1 - -7) - 11.
-5
3 + -4 + 10 + (-2 - 3)
4
What is the value of 6 + -10 - (-2 - 1)?
-1
What is 2 + -8 + (-4 - -5)?
-5
Calculate -6 + (-1 - 14) + 10.
-11
3 + (-7 - (4 + -9))
1
What is 6 + 0 + -16 + 3?
-7
What is the value of -2 - -7 - (-1 - -2)?
4
What is -1 - (-10 + -5 + 9)?
5
Evaluate (4 - 5) + (-2 - 2).
-5
What is 0 + -2 + -8 + 5?
-5
What is -4 - (-10 - -1) - 10?
-5
What is (-1 - 0) + 5 + (-145 - -147)?
6
(-11 - -8) + 9 - 1
5
What is the value of 15 - (-13 + 5 + 18)?
5
What is -13 + -3 + (7 + -5 - -8)?
-6
Evaluate -5 - ((-5 - (2 - 8)) + 0).
-6
Evaluate (3 - (3 + -8 + 4)) + 0.
4
Calculate -6 + (4 - 8 - -9).
-1
Evaluate 4 + (3 - (-2 - (-6 + 0))).
3
-5 + (-3 - -4) - (-3 - 0)
-1
Calculate -2 - (4 + (-3 - 1)).
-2
0 + 1 + 1 - (-9 + 8)
3
What is the value of -17 + 14 + (-1 - -8)?
4
What is (5 - (24 + -8)) + 18?
7
Evaluate (-5 - (-8 - -3)) + 4.
4
Evaluate (-2 - 1) + 8 + -3 + 3.
5
What is -39 + 33 + (-3 - -1)?
-8
Calculate 1 - ((8 - 5) + -4).
2
Evaluate -5 - (11 - (-11 - -23)).
-4
Evaluate (-1 - -1) + -9 - (-97 + 91).
-3
What is the value of (-14 - (-4 + 0)) + 6?
-4
What is 32 + -30 - (1 - (-2 - -1))?
0
What is 0 + (1 + 4 - 6) - 1?
-2
2 + -4 + 5 + -1
2
Calculate (16 - 13) + (-7 - (4 - 7)).
-1
What is the value of 5 + (6 - 1 - 0) + -9?
1
Evaluate (-2 - -8) + (2 - 9 - -9).
8
What is the value of 6 + -1 + 5 + -8?
2
What is the value of (4 + -3 - 1) + 0?
0
What is the value of (2 - 7) + 7 + (-15 - -9)?
-4
What is -10 - ((7 - 25) + 0)?
8
Calculate 5 + 2 + 3 + -6.
4
Evaluate (-3 - 1 - -14) + -2 - 3.
5
What is the value of -28 - -35 - (3 - 0)?
4
Evaluate (1 - 2) + -8 + 18 + -9.
0
What is the value of 3 + -4 - (4 + -8 - -3)?
0
-22 - -36 - (-4 + 14)
4
-4 + 0 + -3 + 8
1
(2 - (15 + -3)) + 4
-6
What is the value of -1 + (14 + -7 - 3)?
3
Calculate 1 - -1 - (-4 + -3 + 9).
0
What is -3 - (3 - -1) - (0 - 3)?
-4
Evaluate 1 + (0 + 1 - (2 - 3)).
3
0 + 7 + 0 + -3
4
Calculate 5 + (-2 + 1 - 11 - -5).
-2
What is the value of 2 + -2 + -5 - -5?
0
-8 + (2 - (8 - 9))
-5
What is 0 + -5 + 8 + 1 + -1?
3
What is 0 - 1 - (1 + 2)?
-4
Evaluate -3 + -22 + 17 + 4 + -1.
-5
10 + -3 - 7 - -1
1
-3 - (-5 + (1 - (-1 + 3)))
3
Evaluate 1 + (5 - 3) - (-1 + -1).
5
What is the value of 3 + -1 - (1 - (-3 + 2))?
0
Evaluate -2 + (1 - -3) + -4 + 2.
0
What is -3 + 0 - -7 - (4 + 0)?
0
0 - (-3 + 11 - (1 - -3))
-4
Calculate 0 + 8 + (21 - 35).
-6
Evaluate -4 + (1 - -6) - (10 + 1).
-8
Evaluate (12 - 16) + 10 + -2.
4
What is the value of (5 - 1 - (-13 - -16)) + 3?
4
Evaluate -9 - (1 - 8 - (5 + -8)).
-5
What is (53 - 53) + (1 - (3 - 9))?
7
(-17 + 7 - -3) + 1
-6
What is the value of 3 + 10 + (-4 - 2)?
7
What is the value of (-2 - (-10 - -4)) + -8?
-4
What is the value of 0 + -7 + -4 + 7?
-4
Evaluate -1 - (-2 + (-1 - 0) + -1).
3
Calculate -6 + 2 - (2 + -13 + 3).
4
Evaluate 5 + (-15 + 7 - 8) + 3.
-8
Evaluate -4 + 1 + 7 + (0 - -1).
5
What is the value of -7 + 10 + -4 - -1?
0
1 + -2 - (-14 + -1 + 12)
2
What is -3 - (-2 + (-1 - 0) + 2)?
-2
Calculate -3 + -1 + 1 - -4 - 5.
-4
Evaluate -6 - (-5 - (2 + 5 - 13)).
-7
What is the value of 5 - (-6 + 7 - (1 - 3))?
2
What is the value of (-5 + 19 - 9) + -4?
1
What is -6 + (-6 - (1 + -13))?
0
2 - ((-2 - 2) + (15 - 5))
-4
What is the value of 0 + (-2 - (-4 - -2)) + 1?
1
What is the value of -5 + (5 + -2 - -5)?
3
Evaluate 2 + (-4 - (-5 + -2)).
5
What is the value of (-3 - (0 + -4)) + 0?
1
Evaluate (9 - (19 + -8)) + 2.
0
1 + 4 + 29 + -31
3
Evaluate -2 + 7 + -2 - (-1 - -2).
2
W